{"id":36,"date":"2015-02-01T19:58:09","date_gmt":"2015-02-01T19:58:09","guid":{"rendered":"http:\/\/www.christinapg.dk\/?page_id=36"},"modified":"2015-02-01T19:58:09","modified_gmt":"2015-02-01T19:58:09","slug":"om-mig","status":"publish","type":"page","link":"https:\/\/christinapg.dk\/?page_id=36","title":{"rendered":"Om mig"},"content":{"rendered":"<p>Jeg hedder Christina, jeg er 43 \u00e5r og jeg har sunget stort set hele mit liv; B\u00e5de som solist og i korsammenh\u00e6ng. Normalt synger jeg i det rytmiske vokalkor Local Vocal fra Aarhus, men jeg har ogs\u00e5 stor erfaring med at synge til bryllupper, konfirmationer etc.<\/p>\n","protected":false},"excerpt":{"rendered":"<p>Jeg hedder Christina, jeg er 43 \u00e5r og jeg har sunget stort set hele mit liv; B\u00e5de som solist og i korsammenh\u00e6ng. Normalt synger jeg i det rytmiske vokalkor Local Vocal fra Aarhus, men jeg har ogs\u00e5 stor erfaring med &hellip; <a href=\"https:\/\/christinapg.dk\/?page_id=36\">Continue reading <span class=\"meta-nav\">&rarr;<\/span><\/a><\/p>\n","protected":false},"author":1,"featured_media":0,"parent":0,"menu_order":0,"comment_status":"closed","ping_status":"closed","template":"","meta":{"footnotes":""},"class_list":["post-36","page","type-page","status-publish","hentry"],"_links":{"self":[{"href":"https:\/\/christinapg.dk\/index.php?rest_route=\/wp\/v2\/pages\/36","targetHints":{"allow":["GET"]}}],"collection":[{"href":"https:\/\/christinapg.dk\/index.php?rest_route=\/wp\/v2\/pages"}],"about":[{"href":"https:\/\/christinapg.dk\/index.php?rest_route=\/wp\/v2\/types\/page"}],"author":[{"embeddable":true,"href":"https:\/\/christinapg.dk\/index.php?rest_route=\/wp\/v2\/users\/1"}],"replies":[{"embeddable":true,"href":"https:\/\/christinapg.dk\/index.php?rest_route=%2Fwp%2Fv2%2Fcomments&post=36"}],"version-history":[{"count":0,"href":"https:\/\/christinapg.dk\/index.php?rest_route=\/wp\/v2\/pages\/36\/revisions"}],"wp:attachment":[{"href":"https:\/\/christinapg.dk\/index.php?rest_route=%2Fwp%2Fv2%2Fmedia&parent=36"}],"curies":[{"name":"wp","href":"https:\/\/api.w.org\/{rel}","templated":true}]}}