{"id":77,"date":"2016-04-20T19:02:57","date_gmt":"2016-04-20T19:02:57","guid":{"rendered":"http:\/\/www.christinapg.dk\/?page_id=77"},"modified":"2016-04-20T19:02:57","modified_gmt":"2016-04-20T19:02:57","slug":"ideer-til-sange","status":"publish","type":"page","link":"https:\/\/christinapg.dk\/?page_id=77","title":{"rendered":"Inspiration til sangvalg"},"content":{"rendered":"<p>Her er lidt inspiration til, hvilke sange man evt. kan v\u00e6lge til diverse begivenheder. Jeg er selvf\u00f8lgelig ogs\u00e5 \u00e5ben for andre forslag.<\/p>\n<p><strong>Bryllup<\/strong><\/p>\n<ul>\n<li>Alicia Keys: Not even the king<\/li>\n<li>John Legend: All of me<\/li>\n<li>Magnetic Fields: The book of love<\/li>\n<li>News: Du er<\/li>\n<li>Eva Cassidy: Songbird<\/li>\n<li>Louis Armstrong: What a wonderful world<\/li>\n<li>Shania Twain: From this moment on<\/li>\n<li>Danser med drenge: Aldrig undv\u00e6re dig<\/li>\n<li>Ed Sheeran: Thinking out loud<\/li>\n<li>Elton John: Your song<\/li>\n<li>Anne Linnet: Mild, lattermild og gavmild<\/li>\n<li>Cindy Lauper: True Colors<\/li>\n<li>Anne Linnnet\/Thomas Helmig: Ingen anden dr\u00f8m<\/li>\n<li>Anne Linnet: Lad mig v\u00e6re den<\/li>\n<li>Lis S\u00f8rensen: Morgensol<\/li>\n<li>Nick Cave: Into My Arms<\/li>\n<li>Ray Dee Oh: Alt i alt<\/li>\n<li>Joe Cocker: You are so beautiful<\/li>\n<li>Billy Joel: Just the way you are<\/li>\n<li>Mark Cohen: True Companion<\/li>\n<li>R.E.M.: At my most beautiful<\/li>\n<\/ul>\n<p><strong>Begravelser\/bis\u00e6ttelser<\/strong><\/p>\n<ul>\n<li>Anne Linnet: Atter en dag<\/li>\n<li>Eric Clapton: Tears in heaven<\/li>\n<li>Kim Larsen: Om lidt<\/li>\n<li>Danser med Drenge: Er der nogen i himlen<\/li>\n<li>Bette Midler: Wind beneath my wings<\/li>\n<li>Jens Rosenberg: Du kom med alt det der var dig<\/li>\n<li>Malene Mortensen: Paradise<\/li>\n<li>Jeff Buckley: Satisfied mind<\/li>\n<\/ul>\n","protected":false},"excerpt":{"rendered":"<p>Her er lidt inspiration til, hvilke sange man evt. kan v\u00e6lge til diverse begivenheder. Jeg er selvf\u00f8lgelig ogs\u00e5 \u00e5ben for andre forslag. Bryllup Alicia Keys: Not even the king John Legend: All of me Magnetic Fields: The book of love &hellip; <a href=\"https:\/\/christinapg.dk\/?page_id=77\">Continue reading <span class=\"meta-nav\">&rarr;<\/span><\/a><\/p>\n","protected":false},"author":1,"featured_media":0,"parent":0,"menu_order":0,"comment_status":"closed","ping_status":"closed","template":"","meta":{"footnotes":""},"class_list":["post-77","page","type-page","status-publish","hentry"],"_links":{"self":[{"href":"https:\/\/christinapg.dk\/index.php?rest_route=\/wp\/v2\/pages\/77","targetHints":{"allow":["GET"]}}],"collection":[{"href":"https:\/\/christinapg.dk\/index.php?rest_route=\/wp\/v2\/pages"}],"about":[{"href":"https:\/\/christinapg.dk\/index.php?rest_route=\/wp\/v2\/types\/page"}],"author":[{"embeddable":true,"href":"https:\/\/christinapg.dk\/index.php?rest_route=\/wp\/v2\/users\/1"}],"replies":[{"embeddable":true,"href":"https:\/\/christinapg.dk\/index.php?rest_route=%2Fwp%2Fv2%2Fcomments&post=77"}],"version-history":[{"count":0,"href":"https:\/\/christinapg.dk\/index.php?rest_route=\/wp\/v2\/pages\/77\/revisions"}],"wp:attachment":[{"href":"https:\/\/christinapg.dk\/index.php?rest_route=%2Fwp%2Fv2%2Fmedia&parent=77"}],"curies":[{"name":"wp","href":"https:\/\/api.w.org\/{rel}","templated":true}]}}